 446. Give x(-87).
-968
Let w(d) = d**3 + 24*d**2 + 391*d + 10575. Give w(-25).
175
Let w(c) = 640*c**2 - 4382*c - 39. What is w(7)?
647
Let r(t) = -119*t**2 - 954*t - 4. Calculate r(-8).
12
Let w(c) = c**3 - 51*c**2 + 404*c - 716. What is w(7)?
-44
Let w(i) = -184*i - 6723. What is w(-37)?
85
Let z(l) = -753*l - 324894. What is z(-432)?
402
Let t(a) = 210*a**2 - 2587*a - 1848. Calculate t(13).
11
Let o(c) = -5*c**3 + 1378*c**2 - 29739*c + 750. Calculate o(252).
-6
Let k(n) = 1259*n + 144628. Give k(-115).
-157
Let q(k) = 578*k - 12301. Determine q(21).
-163
Let j(n) = 2*n**3 + 174*n**2 - 1111*n - 38. What is j(6)?
-8
Let f(g) = -8*g**2 - 79*g - 1138. Give f(-10).
-1148
Let h(b) = 21685*b - 2949244. Give h(136).
-84
Let k(c) = -c**3 - 2*c**2 + 71*c - 1007. Give k(12).
-2171
Let y(f) = -102*f**2 - 2819*f - 5638. Calculate y(-2).
-408
Let c(o) = 119363*o - 715644. What is c(6)?
534
Let u(k) = 4945*k - 68219. Determine u(14).
1011
Let o(i) = -2*i**2 - 713*i - 8401. Calculate o(-12).
-133
Let t(w) = 7*w**3 + 2*w**2 + 151*w - 1213. Determine t(7).
2343
Let g(f) = -f**3 + 389*f**2 + 56721*f + 2475. What is g(502)?
-35
Let b(s) = -76487*s + 8566561. Calculate b(112).
17
Let l(y) = -336284*y - 2017635. Calculate l(-6).
69
Let g(m) = m**3 + 211*m**2 + 4482*m - 972. What is g(-187)?
150
Let p(q) = 5*q**2 - 2124*q - 4463. Give p(427).
234
Let w(f) = -62*f**2 - 38574*f + 32401. Determine w(-623).
5
Let d(w) = -138877*w + 693784. Determine d(5).
-601
Let q(t) = -2*t**3 - 149*t**2 - 486*t - 42110. Calculate q(-75).
-35
Let s(y) = 91155*y - 16316754. Calculate s(179).
-9
Let i(y) = -2*y**2 - 2303*y - 284963. Calculate i(-141).
-2
Let s(t) = -t**3 - 32*t**2 + 315*t + 8375. Calculate s(-34).
-23
Let x(c) = 5*c**2 - 174*c + 3898. Give x(20).
2418
Let u(q) = 57*q**3 - 622*q**2 + 22*q + 9. Calculate u(11).
856
Let p(y) = 1419*y**2 + 269605*y - 942. Calculate p(-190).
8
Let c(f) = 242*f**2 - 10166*f - 6. Determine c(42).
-90
Let n(k) = -1454*k - 17817. Calculate n(-12).
-369
Let p(x) = 41*x**2 + 12014*x + 291. What is p(-293)?
-2
Let k(n) = 2*n**2 + 57503*n + 574819. Give k(-10).
-11
Let d(l) = -3*l**3 - 1742*l**2 - 115921*l - 500. Determine d(-504).
4
Let a(y) = -17*y**3 + 42*y**2 + 50*y - 75. What is a(3)?
-6
Let h(t) = 583*t**2 - 83*t + 67. Determine h(1).
567
Let d(v) = 13696*v - 219147. Give d(16).
-11
Let w(n) = -20*n**2 - 65*n + 120. Give w(-6).
-210
Let x(f) = 2721*f + 176703. Calculate x(-65).
-162
Let j(h) = -6911*h - 62410. What is j(-9)?
-211
Let q(s) = -5127*s + 3112090. Determine q(607).
1
Let x(o) = -70*o**3 + 6*o**2 - 10*o + 8. Determine x(1).
-66
Let u(q) = 19*q**2 + 1432*q - 1453. Give u(-77).
934
Let z(d) = 17*d**3 + 1169*d**2 + 30*d + 21130. What is z(-69)?
16
Let j(m) = -7*m**3 - 678*m**2 + 96*m - 147. Give j(-97).
-50
Let x(j) = 2*j**3 + 165*j**2 + 52*j + 9138. What is x(-83)?
-2067
Let s(r) = r**2 - 6592*r + 164365. Calculate s(25).
190
Let m(k) = -6*k**2 - 421*k + 7060. What is m(14)?
-10
Let g(t) = -30*t**3 - 1590*t**2 - 47*t - 2490. Calculate g(-53).
1
Let z(b) = -2630*b - 689047. Determine z(-262).
13
Let l(n) = -23*n - 93. Give l(-9).
114
Let p(d) = 3*d**3 + 544*d**2 + 168*d + 96867. What is p(-182)?
43
Let f(o) = o**3 - 353*o**2 + 14638*o + 642. Calculate f(305).
32
Let p(c) = 3*c**2 - 505*c - 1309. What is p(177)?
3293
Let c(b) = -8*b**3 - 3*b**2 + 7*b + 27. Give c(4).
-505
Let t(w) = 284224*w + 1421126. Give t(-5).
6
Let t(z) = -118*z - 94. Calculate t(-1).
24
Let i(g) = 671*g**2 - 4030*g + 20. What is i(6)?
-4
Let r(m) = m**3 - 73*m**2 - 65*m - 783. Determine r(74).
-117
Let j(s) = -s**3 + 60*s**2 - 28*s - 1608. What is j(59)?
221
Let r(a) = -502*a**2 + 603327*a + 92558. Give r(1202).
4
Let n(w) = 4*w**3 + 174*w**2 - 960*w - 5. Calculate n(5).
45
Let f(j) = -23*j**2 - 1097*j + 115. Determine f(-48).
-221
Let h(m) = 672*m + 118475. Determine h(-176).
203
Let r(u) = -u**3 - 211*u**2 + 286*u - 29816. Give r(-213).
4
Let h(n) = -3*n**2 + 51*n + 30686. Give h(110).
-4
Let h(s) = -16*s**3 - 7391*s**2 + 449*s - 6052. Give h(-462).
-46
Let b(o) = 12374*o - 1559118. What is b(126)?
6
Let o(v) = -v**3 + 634*v**2 - 3773*v + 6. Calculate o(6).
-24
Let n(p) = -407*p**3 + 3258*p**2 - 153*p + 1092. Determine n(8).
-4
Let p(m) = -20*m + 1617. Give p(91).
-203
Let i(h) = -122566*h + 20223390. Determine i(165).
0
Let y(h) = 1958*h**3 - 3918*h**2 + 2*h - 1. Determine y(2).
-5
Let p(y) = -5*y**2 + 127*y - 96. What is p(29)?
-618
Let u(z) = -330*z**2 + 2622*z + 127. Give u(8).
-17
Let g(x) = -76*x - 4297. What is g(-58)?
111
Let q(d) = 2*d + 375. Calculate q(132).
639
Let c(t) = -17880*t + 71480. Give c(4).
-40
Let n(v) = 2728*v - 12900. Determine n(5).
740
Let x(n) = -3*n**2 + 1439*n + 43132. What is x(508)?
-48
Let i(o) = -2332*o + 56265. Give i(24).
297
Let o(h) = -h**2 + 253*h - 7121. Determine o(32).
-49
Let w(b) = 5069*b - 30418. Calculate w(6).
-4
Let h(o) = 774*o + 117684. What is h(-152)?
36
Let b(l) = -4*l**2 + 3542*l - 253533. Calculate b(807).
-135
Let v(u) = u**2 + 167966*u + 671858. Give v(-4).
10
Let q(i) = 39*i**2 + 497*i - 1296. Calculate q(-16).
736
Let j(g) = 969*g + 2476. Give j(-2).
538
Let h(d) = -119*d**2 + 27015*d - 378848. Determine h(212).
-4
Let c(y) = -612*y - 4346. Determine c(-8).
550
Let d(a) = 56*a**2 - 328*a + 250. Give d(5).
10
Let f(k) = k**3 - 76*k**2 - 2147*k - 51. What is f(-22)?
-249
Let r(p) = -1383*p + 15586. Give r(11).
373
Let c(r) = 16952*r - 627233. Determine c(37).
-9
Let r(a) = 8*a**3 - 72*a**2 + 457*a - 47. Give r(6).
1831
Let p(h) = 3*h**3 - 1324*h**2 + 1767*h - 3108. Give p(440).
-28
Let k(p) = 15*p**3 - 27*p**2 + 123*p - 158. Give k(2).
100
Let p(c) = 3*c**3 + c**2 - 530*c - 2097. Give p(-4).
-153
Let t(m) = -2*m**3 - 268*m**2 + 3195*m - 50. Give t(11).
5
Let q(k) = k**2 + 7416*k + 1832961. Give q(-256).
1
Let i(q) = 239641*q**2 - 718919*q + 2. What is i(3)?
14
Let w(y) = -7*y**2 + 1353*y + 3863. What is w(196)?
139
Let t(i) = -2329*i + 267439. What is t(115)?
-396
Let s(d) = 108*d**2 + 169*d + 435. Determine s(7).
6910
Let s(d) = 150*d + 15419. Calculate s(-103).
-31
Let g(l) = 20936*l + 104669. Determine g(-5).
-11
Let d(y) = 2*y**3 - 42*y**2 - 282*y + 568. Calculate d(26).
-4
Let u(g) = -361*g - 8676. Determine u(-24).
-12
Let v(d) = -715*d**3 + 15*d + 14. What is v(-1)?
714
Let k(z) = z**3 - 143*z**2 + 130*z - 523. Calculate k(142).
-2227
Let o(h) = -h**3 + 229*h**2 - 2597*h - 1635. Determine o(217).
-116
Let n(z) = -773631*z + 5415387. Determine n(7).
-30
Let f(l) = -l**3 + 48*l**2 + 190*l - 2544. Determine f(50).
1956
Let t(k) = 35*k**3 - 898*k**2 + 2137*k + 41. What is t(23)?
-5
Let j(a) = -39490*a - 197449. What is j(-5)?
1
Let w(p) = 2*p**2 - 21335*p - 577399. What is w(-27)?
104
Let o(f) = f**3 + 19*f**2 + 81*f + 1. Calculate o(-11).
78
Let b(j) = j**2 - 100284*j - 1905755. Determine b(-19).
2
Let o(q) = -5*q**3 - 36*q**2 - 325*q - 2333. Calculate o(-7).
-107
Let z(o) = 2*o**2 - 19979*o - 119944. Determine z(-6).
2
Let l(p) = 2569*p - 850153. What is l(331)?
186
Let z(x) = -236*x**2 - 11794*x + 146. What is z(-50)?
-154
Let z(i) = -6019*i - 144271. Determine z(-24).
185
Let w(g) = 4*g**2 - 1738*g + 23524. Determine w(14).
-24
Let n(o) = -o**2 + 5287*o - 685602. Give n(133).
-120
Let m(b) = -862*b + 5012. Give m(6).
-160
Let h(w) = -4*w**2 - 131*w + 1575. What is h(-43)?
-188
Let f(o) = -23721*o - 2419558. Determine f(-102).
-16
Let r(i) = i**3 + 152*i**2 + 2091*i + 4976. What is r(-137)?
44
Let q(g) = 22016*g + 528366. Determine q(-24).
-18
Let o(m) = 766*m - 11647. Give o(19).
2907
Let n(m) = 6*m**2 - 232*m - 6838. Calculate n(58).
-110
Let u(n) = n**3 - 6*n**2 + 456*n + 521. Give u(0).
521
Let v(w) = 4646*w + 63. Calculate v(0).
63
Let j(w) = 13068*w - 78553. What is j(6)?
-145
Let p(u) = -u**3 + 207*u**2 + 167*u + 7934. Determine p(208).
-594
Let a(g) = -5*g**2 - 172*g - 1122. Calculate a(-10).
98
Let p(y) = 434*y - 21930. Give p(53).
1072
Let u(a) = -14*a + 1031. What is u(61)?
177
Let r(a) = 6*a**2 - 33*a - 523. Give r(15).
332
Let t(m) = 55*m - 2524. Give t(49).
171
Let w(l) = -149*l**2 - 345*l + 1272. Give w(2).
-14
Let v(d) = d**2 + 943*d + 50044. Give v(-53).
2874
Let t(w) = -1784*w + 137296. Give t(77).
-72
Let m(b) = 4*b**2 + 257*b + 2989. Give m(-49).
0
Let r(s) = s**3 + 403*s